{"id":4483,"date":"2020-09-15T15:49:38","date_gmt":"2020-09-15T13:49:38","guid":{"rendered":"http:\/\/marjolainebernard.com\/?page_id=4483"},"modified":"2024-11-02T12:05:45","modified_gmt":"2024-11-02T11:05:45","slug":"blog","status":"publish","type":"page","link":"https:\/\/marjolainebernard.com\/index.php\/blog\/","title":{"rendered":"LE BLOG"},"content":{"rendered":"<div  class=\"ultp-post-grid-block wp-block-ultimate-post-post-grid-1 ultp-block-354979 aligncenter\"><div class=\"ultp-block-wrapper\"><div class=\"ultp-loading\"><div class=\"ultp-loading-blocks\" style=\"width:100%;height:100%;\"><div style=\"left: 0;top: 0;animation-delay:0s;\"><\/div><div style=\"left: 21px;top: 0;animation-delay:0.125s;\"><\/div><div style=\"left: 42px;top: 0;animation-delay:0.25s;\"><\/div><div style=\"left: 0;top: 21px;animation-delay:0.875s;\"><\/div><div style=\"left: 42px;top: 21px;animation-delay:0.375s;\"><\/div><div style=\"left: 0;top: 42px;animation-delay:0.75s;\"><\/div><div style=\"left: 42px;top: 42px;animation-delay:0.625s;\"><\/div><div style=\"left: 21px;top: 42px;animation-delay:0.5s;\"><\/div><\/div><\/div><div class=\"ultp-heading-filter\"><div class=\"ultp-heading-filter-in\"><div class=\"ultp-heading-wrap ultp-heading-style1 ultp-heading-left\"><h2 class=\"ultp-heading-inner\"><span><\/span><\/h2><\/div><div class=\"ultp-filter-navigation\"><div class=\"ultp-filter-wrap\" data-taxtype=category data-blockid=\"354979\" data-blockname=\"ultimate-post_post-grid-1\" data-postid=\"4483\"data-selfpostid=\"yes\"><ul class=\"ultp-flex-menu\" data-name=\"More\"><li class=\"filter-item\"><a class=\"filter-active\" data-taxonomy=\"\" href=\"#\">All<\/a><\/li><li class=\"filter-item\"><a data-taxonomy=\"en-cadence-avec-la-vie\" href=\"#\">EN CADENCE AVEC LA VIE<\/a><\/li><li class=\"filter-item\"><a data-taxonomy=\"actes-symboliques\" href=\"#\">ACTES SYMBOLIQUES<\/a><\/li><li class=\"filter-item\"><a data-taxonomy=\"recettes\" href=\"#\">RECETTES<\/a><\/li><li class=\"filter-item\"><a data-taxonomy=\"billets-nature\" href=\"#\">BILLETS NATURE<\/a><\/li><li class=\"filter-item\"><a data-taxonomy=\"sante-au-naturel\" href=\"#\">SANT\u00c9 AU NATUREL<\/a><\/li><li class=\"filter-item\"><a data-taxonomy=\"fetes-et-traditions-celtes\" href=\"#\">F\u00caTES &amp; TRADITIONS CELTES<\/a><\/li><\/ul><\/div><\/div><\/div><\/div><div class=\"ultp-block-items-wrap ultp-block-row ultp-pg1a-style1 ultp-grid1-responsive ultp-block-column-4 ultp-sm-column-2 ultp-xs-column-1 ultp-layout1\"><div class=\"ultp-block-item post-id-10005\"><div class=\"ultp-block-content-wrap\"><div class=\"ultp-block-image ultp-block-image-opacity\"><a href=\"https:\/\/marjolainebernard.com\/index.php\/2024\/04\/21\/tiramisu-des-fees\/\" ><img decoding=\"async\"  class=\"ultp-block-image-content\"  alt=\"Tiramisu des f\u00e9es\"  src=\"https:\/\/marjolainebernard.com\/wp-content\/uploads\/2024\/04\/Tiramisu-des-fees13.jpg\" \/><\/a><div class=\"ultp-category-img-grid\"><div class=\"ultp-category-grid ultp-category-classic ultp-category-topLeft\"><div class=\"ultp-category-in\"><a class=\"ultp-cat-cuisine-sauvage\" href=\"https:\/\/marjolainebernard.com\/index.php\/category\/recettes\/cuisine-sauvage\/\"  >CUISINE SAUVAGE<\/a><a class=\"ultp-cat-recettes\" href=\"https:\/\/marjolainebernard.com\/index.php\/category\/recettes\/\"  >RECETTES<\/a><\/div><\/div><\/div><\/div><div class=\"ultp-block-content\"><h3 class=\"ultp-block-title \"><a href=\"https:\/\/marjolainebernard.com\/index.php\/2024\/04\/21\/tiramisu-des-fees\/\" >Tiramisu des f\u00e9es<\/a><\/h3><div class=\"ultp-block-meta ultp-block-meta-dot ultp-block-meta-noIcon\"><span class=\"ultp-block-date ultp-block-meta-element\">Avr 21, 2024<\/span><\/div><div class=\"ultp-block-excerpt\"><p>Le seul endroit o\u00f9 les fleurs et les baies du sureau peuvent se c\u00f4toyer, c&#8217;est \u00e0 la cuisine ! Rien\u2026<\/p>\n<\/div><div class=\"ultp-block-readmore\"><a aria-label=\"Tiramisu des f\u00e9es\" href=\"https:\/\/marjolainebernard.com\/index.php\/2024\/04\/21\/tiramisu-des-fees\/\" >Lire l&#8217;article<\/a><\/div><\/div><\/div><\/div><div class=\"ultp-block-item post-id-10095\"><div class=\"ultp-block-content-wrap\"><div class=\"ultp-block-image ultp-block-image-opacity\"><a href=\"https:\/\/marjolainebernard.com\/index.php\/2024\/01\/12\/preserver-son-yang-au-coeur-de-lhiver\/\" ><img decoding=\"async\"  class=\"ultp-block-image-content\"  alt=\"Pr\u00e9server son Yang au c\u0153ur de l&#8217;Hiver\"  src=\"https:\/\/marjolainebernard.com\/wp-content\/uploads\/2024\/01\/Image-entete.jpg\" \/><\/a><div class=\"ultp-category-img-grid\"><div class=\"ultp-category-grid ultp-category-classic ultp-category-topLeft\"><div class=\"ultp-category-in\"><a class=\"ultp-cat-sante-au-naturel\" href=\"https:\/\/marjolainebernard.com\/index.php\/category\/sante-au-naturel\/\"  >SANT\u00c9 AU NATUREL<\/a><\/div><\/div><\/div><\/div><div class=\"ultp-block-content\"><h3 class=\"ultp-block-title \"><a href=\"https:\/\/marjolainebernard.com\/index.php\/2024\/01\/12\/preserver-son-yang-au-coeur-de-lhiver\/\" >Pr\u00e9server son Yang au c\u0153ur de l&#8217;Hiver<\/a><\/h3><div class=\"ultp-block-meta ultp-block-meta-dot ultp-block-meta-noIcon\"><span class=\"ultp-block-date ultp-block-meta-element\">Jan 12, 2024<\/span><\/div><div class=\"ultp-block-excerpt\"><p>Quelques trucs simples \u00e0 mettre en \u0153uvre pour pr\u00e9venir la fatigue et la frilosit\u00e9&#8230;<\/p>\n<\/div><div class=\"ultp-block-readmore\"><a aria-label=\"Pr\u00e9server son Yang au c\u0153ur de l&#8217;Hiver\" href=\"https:\/\/marjolainebernard.com\/index.php\/2024\/01\/12\/preserver-son-yang-au-coeur-de-lhiver\/\" >Lire l&#8217;article<\/a><\/div><\/div><\/div><\/div><div class=\"ultp-block-item post-id-10048\"><div class=\"ultp-block-content-wrap\"><div class=\"ultp-block-image ultp-block-image-opacity\"><a href=\"https:\/\/marjolainebernard.com\/index.php\/2024\/01\/11\/les-huiles-essentielles-dimbolc\/\" ><img decoding=\"async\"  class=\"ultp-block-image-content\"  alt=\"Les huiles essentielles d&#8217;Imbolc\"  src=\"https:\/\/marjolainebernard.com\/wp-content\/uploads\/2024\/01\/Romarin4.jpg\" \/><\/a><div class=\"ultp-category-img-grid\"><div class=\"ultp-category-grid ultp-category-classic ultp-category-topLeft\"><div class=\"ultp-category-in\"><a class=\"ultp-cat-sante-au-naturel\" href=\"https:\/\/marjolainebernard.com\/index.php\/category\/sante-au-naturel\/\"  >SANT\u00c9 AU NATUREL<\/a><\/div><\/div><\/div><\/div><div class=\"ultp-block-content\"><h3 class=\"ultp-block-title \"><a href=\"https:\/\/marjolainebernard.com\/index.php\/2024\/01\/11\/les-huiles-essentielles-dimbolc\/\" >Les huiles essentielles d&#8217;Imbolc<\/a><\/h3><div class=\"ultp-block-meta ultp-block-meta-dot ultp-block-meta-noIcon\"><span class=\"ultp-block-date ultp-block-meta-element\">Jan 11, 2024<\/span><\/div><div class=\"ultp-block-excerpt\"><p>Pour accompagner sur le plan \u00e9nerg\u00e9tique toute cette p\u00e9riode de renouveau et de d\u00e9marrage d\u2019un nouveau cycle&#8230;<\/p>\n<\/div><div class=\"ultp-block-readmore\"><a aria-label=\"Les huiles essentielles d&#8217;Imbolc\" href=\"https:\/\/marjolainebernard.com\/index.php\/2024\/01\/11\/les-huiles-essentielles-dimbolc\/\" >Lire l&#8217;article<\/a><\/div><\/div><\/div><\/div><div class=\"ultp-block-item post-id-9846\"><div class=\"ultp-block-content-wrap\"><div class=\"ultp-block-image ultp-block-image-opacity\"><a href=\"https:\/\/marjolainebernard.com\/index.php\/2023\/09\/07\/legumes-dautomne-pour-etre-en-forme\/\" ><img decoding=\"async\"  class=\"ultp-block-image-content\"  alt=\"L\u00e9gumes d&#8217;automne pour \u00eatre en forme\"  src=\"https:\/\/marjolainebernard.com\/wp-content\/uploads\/2023\/09\/Legumes-dautomne.jpg\" \/><\/a><div class=\"ultp-category-img-grid\"><div class=\"ultp-category-grid ultp-category-classic ultp-category-topLeft\"><div class=\"ultp-category-in\"><a class=\"ultp-cat-billets-nature\" href=\"https:\/\/marjolainebernard.com\/index.php\/category\/billets-nature\/\"  >BILLETS NATURE<\/a><a class=\"ultp-cat-sante-au-naturel\" href=\"https:\/\/marjolainebernard.com\/index.php\/category\/sante-au-naturel\/\"  >SANT\u00c9 AU NATUREL<\/a><\/div><\/div><\/div><\/div><div class=\"ultp-block-content\"><h3 class=\"ultp-block-title \"><a href=\"https:\/\/marjolainebernard.com\/index.php\/2023\/09\/07\/legumes-dautomne-pour-etre-en-forme\/\" >L\u00e9gumes d&#8217;automne pour \u00eatre en forme<\/a><\/h3><div class=\"ultp-block-meta ultp-block-meta-dot ultp-block-meta-noIcon\"><span class=\"ultp-block-date ultp-block-meta-element\">Sep 7, 2023<\/span><\/div><div class=\"ultp-block-excerpt\"><p>Les l\u00e9gumes de saison, c\u2019est bon pour la sant\u00e9 \u2013 D\u00e9couvrez les bienfaits des l\u00e9gumes d&#8217;automne, et mes id\u00e9es recettes\u2026<\/p>\n<\/div><div class=\"ultp-block-readmore\"><a aria-label=\"L\u00e9gumes d&#8217;automne pour \u00eatre en forme\" href=\"https:\/\/marjolainebernard.com\/index.php\/2023\/09\/07\/legumes-dautomne-pour-etre-en-forme\/\" >Lire l&#8217;article<\/a><\/div><\/div><\/div><\/div><div class=\"ultp-block-item post-id-9942\"><div class=\"ultp-block-content-wrap\"><div class=\"ultp-block-image ultp-block-image-opacity\"><a href=\"https:\/\/marjolainebernard.com\/index.php\/2023\/06\/15\/creme-fouettee-au-sucre-de-fleurs\/\" ><img decoding=\"async\"  class=\"ultp-block-image-content\"  alt=\"Cr\u00e8me fouett\u00e9e au sucre de fleurs\"  src=\"https:\/\/marjolainebernard.com\/wp-content\/uploads\/2023\/09\/Creme-fouettee1.jpg\" \/><\/a><div class=\"ultp-category-img-grid\"><div class=\"ultp-category-grid ultp-category-classic ultp-category-topLeft\"><div class=\"ultp-category-in\"><a class=\"ultp-cat-cuisine-sauvage\" href=\"https:\/\/marjolainebernard.com\/index.php\/category\/recettes\/cuisine-sauvage\/\"  >CUISINE SAUVAGE<\/a><a class=\"ultp-cat-recettes\" href=\"https:\/\/marjolainebernard.com\/index.php\/category\/recettes\/\"  >RECETTES<\/a><\/div><\/div><\/div><\/div><div class=\"ultp-block-content\"><h3 class=\"ultp-block-title \"><a href=\"https:\/\/marjolainebernard.com\/index.php\/2023\/06\/15\/creme-fouettee-au-sucre-de-fleurs\/\" >Cr\u00e8me fouett\u00e9e au sucre de fleurs<\/a><\/h3><div class=\"ultp-block-meta ultp-block-meta-dot ultp-block-meta-noIcon\"><span class=\"ultp-block-date ultp-block-meta-element\">Juin 15, 2023<\/span><\/div><div class=\"ultp-block-excerpt\"><p>Une recette gourmande qui se d\u00e9cline avec les parfums de vos fleurs pr\u00e9f\u00e9r\u00e9es. Amusez-vous \u00e0 les combiner avec la farandole\u2026<\/p>\n<\/div><div class=\"ultp-block-readmore\"><a aria-label=\"Cr\u00e8me fouett\u00e9e au sucre de fleurs\" href=\"https:\/\/marjolainebernard.com\/index.php\/2023\/06\/15\/creme-fouettee-au-sucre-de-fleurs\/\" >Lire l&#8217;article<\/a><\/div><\/div><\/div><\/div><div class=\"ultp-block-item post-id-10014\"><div class=\"ultp-block-content-wrap\"><div class=\"ultp-block-image ultp-block-image-opacity\"><a href=\"https:\/\/marjolainebernard.com\/index.php\/2023\/05\/28\/tempura-de-fleurs\/\" ><img decoding=\"async\"  class=\"ultp-block-image-content\"  alt=\"Tempura de fleurs\"  src=\"https:\/\/marjolainebernard.com\/wp-content\/uploads\/2023\/12\/Tempura-de-fleurs_Couv.jpg\" \/><\/a><div class=\"ultp-category-img-grid\"><div class=\"ultp-category-grid ultp-category-classic ultp-category-topLeft\"><div class=\"ultp-category-in\"><a class=\"ultp-cat-recettes\" href=\"https:\/\/marjolainebernard.com\/index.php\/category\/recettes\/\"  >RECETTES<\/a><\/div><\/div><\/div><\/div><div class=\"ultp-block-content\"><h3 class=\"ultp-block-title \"><a href=\"https:\/\/marjolainebernard.com\/index.php\/2023\/05\/28\/tempura-de-fleurs\/\" >Tempura de fleurs<\/a><\/h3><div class=\"ultp-block-meta ultp-block-meta-dot ultp-block-meta-noIcon\"><span class=\"ultp-block-date ultp-block-meta-element\">Mai 28, 2023<\/span><\/div><div class=\"ultp-block-excerpt\"><p>Un must de la gourmandise sauvage, cette d\u00e9licieuse recette printani\u00e8re se d\u00e9guster en dessert ou pour le go\u00fbter.<\/p>\n<\/div><div class=\"ultp-block-readmore\"><a aria-label=\"Tempura de fleurs\" href=\"https:\/\/marjolainebernard.com\/index.php\/2023\/05\/28\/tempura-de-fleurs\/\" >Lire l&#8217;article<\/a><\/div><\/div><\/div><\/div><div class=\"ultp-block-item post-id-9613\"><div class=\"ultp-block-content-wrap\"><div class=\"ultp-block-image ultp-block-image-opacity\"><a href=\"https:\/\/marjolainebernard.com\/index.php\/2023\/03\/26\/biscuits-aux-fleurs\/\" ><img decoding=\"async\"  class=\"ultp-block-image-content\"  alt=\"Biscuits aux fleurs\"  src=\"https:\/\/marjolainebernard.com\/wp-content\/uploads\/2023\/04\/IMG_20230402_111019.jpg\" \/><\/a><div class=\"ultp-category-img-grid\"><div class=\"ultp-category-grid ultp-category-classic ultp-category-topLeft\"><div class=\"ultp-category-in\"><a class=\"ultp-cat-cuisine-sauvage\" href=\"https:\/\/marjolainebernard.com\/index.php\/category\/recettes\/cuisine-sauvage\/\"  >CUISINE SAUVAGE<\/a><a class=\"ultp-cat-recettes\" href=\"https:\/\/marjolainebernard.com\/index.php\/category\/recettes\/\"  >RECETTES<\/a><\/div><\/div><\/div><\/div><div class=\"ultp-block-content\"><h3 class=\"ultp-block-title \"><a href=\"https:\/\/marjolainebernard.com\/index.php\/2023\/03\/26\/biscuits-aux-fleurs\/\" >Biscuits aux fleurs<\/a><\/h3><div class=\"ultp-block-meta ultp-block-meta-dot ultp-block-meta-noIcon\"><span class=\"ultp-block-date ultp-block-meta-element\">Mar 26, 2023<\/span><\/div><div class=\"ultp-block-excerpt\"><p>Une touche de sauvage suffit \u00e0 revisiter une recette toute simple, pour en faire un go\u00fbter aussi bon qu&#8217;original.<\/p>\n<\/div><div class=\"ultp-block-readmore\"><a aria-label=\"Biscuits aux fleurs\" href=\"https:\/\/marjolainebernard.com\/index.php\/2023\/03\/26\/biscuits-aux-fleurs\/\" >Lire l&#8217;article<\/a><\/div><\/div><\/div><\/div><div class=\"ultp-block-item post-id-9602\"><div class=\"ultp-block-content-wrap\"><div class=\"ultp-block-image ultp-block-image-opacity\"><a href=\"https:\/\/marjolainebernard.com\/index.php\/2023\/03\/18\/palets-fondants-a-la-violette\/\" ><img decoding=\"async\"  class=\"ultp-block-image-content\"  alt=\"Palets fondants \u00e0 la violette\"  src=\"https:\/\/marjolainebernard.com\/wp-content\/uploads\/2023\/04\/IMG_20230402_110927.jpg\" \/><\/a><div class=\"ultp-category-img-grid\"><div class=\"ultp-category-grid ultp-category-classic ultp-category-topLeft\"><div class=\"ultp-category-in\"><a class=\"ultp-cat-cuisine-sauvage\" href=\"https:\/\/marjolainebernard.com\/index.php\/category\/recettes\/cuisine-sauvage\/\"  >CUISINE SAUVAGE<\/a><a class=\"ultp-cat-recettes\" href=\"https:\/\/marjolainebernard.com\/index.php\/category\/recettes\/\"  >RECETTES<\/a><\/div><\/div><\/div><\/div><div class=\"ultp-block-content\"><h3 class=\"ultp-block-title \"><a href=\"https:\/\/marjolainebernard.com\/index.php\/2023\/03\/18\/palets-fondants-a-la-violette\/\" >Palets fondants \u00e0 la violette<\/a><\/h3><div class=\"ultp-block-meta ultp-block-meta-dot ultp-block-meta-noIcon\"><span class=\"ultp-block-date ultp-block-meta-element\">Mar 18, 2023<\/span><\/div><div class=\"ultp-block-excerpt\"><p>Une recette d\u00e9licieusement originale, pour agr\u00e9menter une table de f\u00eate, ou pour s&#8217;offrir un go\u00fbter savoureux.<\/p>\n<\/div><div class=\"ultp-block-readmore\"><a aria-label=\"Palets fondants \u00e0 la violette\" href=\"https:\/\/marjolainebernard.com\/index.php\/2023\/03\/18\/palets-fondants-a-la-violette\/\" >Lire l&#8217;article<\/a><\/div><\/div><\/div><\/div><div class=\"ultp-block-item post-id-7169\"><div class=\"ultp-block-content-wrap\"><div class=\"ultp-block-image ultp-block-image-opacity\"><a href=\"https:\/\/marjolainebernard.com\/index.php\/2023\/01\/25\/crepes-a-la-farine-de-chataigne\/\" ><img decoding=\"async\"  class=\"ultp-block-image-content\"  alt=\"Cr\u00eapes \u00e0 la farine de ch\u00e2taigne\"  src=\"https:\/\/marjolainebernard.com\/wp-content\/uploads\/2023\/01\/Crepes-a-la-farine-de-chataignes.jpg\" \/><\/a><div class=\"ultp-category-img-grid\"><div class=\"ultp-category-grid ultp-category-classic ultp-category-topLeft\"><div class=\"ultp-category-in\"><a class=\"ultp-cat-recettes\" href=\"https:\/\/marjolainebernard.com\/index.php\/category\/recettes\/\"  >RECETTES<\/a><\/div><\/div><\/div><\/div><div class=\"ultp-block-content\"><h3 class=\"ultp-block-title \"><a href=\"https:\/\/marjolainebernard.com\/index.php\/2023\/01\/25\/crepes-a-la-farine-de-chataigne\/\" >Cr\u00eapes \u00e0 la farine de ch\u00e2taigne<\/a><\/h3><div class=\"ultp-block-meta ultp-block-meta-dot ultp-block-meta-noIcon\"><span class=\"ultp-block-date ultp-block-meta-element\">Jan 25, 2023<\/span><\/div><div class=\"ultp-block-excerpt\"><p>L\u00e9g\u00e8res et d\u00e9licieusement parfum\u00e9es, les cr\u00eapes \u00e0 la farine de ch\u00e2taignes se d\u00e9gustent nature, ou garnies avec toutes sortes de\u2026<\/p>\n<\/div><div class=\"ultp-block-readmore\"><a aria-label=\"Cr\u00eapes \u00e0 la farine de ch\u00e2taigne\" href=\"https:\/\/marjolainebernard.com\/index.php\/2023\/01\/25\/crepes-a-la-farine-de-chataigne\/\" >Lire l&#8217;article<\/a><\/div><\/div><\/div><\/div><\/div><div class=\"ultp-loadmore\"><span class=\"ultp-loadmore-action\" tabindex=\"0\" role=\"button\" data-pages=\"7\" data-pagenum=\"1\"  data-expost=\"\" data-blockid=\"354979\" data-blockname=\"ultimate-post_post-grid-1\" data-postid=\"4483\" data-selfpostid=\"yes\">Plus d&#8217;articles &#8230; <span class=\"ultp-spin\"><svg xmlns=\"http:\/\/www.w3.org\/2000\/svg\" fill=\"none\" viewBox=\"0 0 24 24\">\n  <path stroke=\"currentColor\" stroke-linecap=\"round\" stroke-linejoin=\"round\" stroke-width=\"1.5\" d=\"M21 12a9 9 0 0 1-17 4.127M3 12a9 9 0 0 1 17-4.127M20 3v5h-5M4 21v-5h5\"\/>\n<\/svg>\n<\/span><\/span><\/div><\/div><div class=\"pagination-block-html\" aria-hidden=\"true\" style=\"display: none;\"><\/div><\/div>","protected":false},"excerpt":{"rendered":"","protected":false},"author":1,"featured_media":5213,"parent":0,"menu_order":5,"comment_status":"closed","ping_status":"closed","template":"","meta":{"qubely_global_settings":"","qubely_interactions":"","_uag_custom_page_level_css":"","site-sidebar-layout":"default","site-content-layout":"page-builder","ast-site-content-layout":"full-width-container","site-content-style":"unboxed","site-sidebar-style":"unboxed","ast-global-header-display":"","ast-banner-title-visibility":"","ast-main-header-display":"","ast-hfb-above-header-display":"","ast-hfb-below-header-display":"","ast-hfb-mobile-header-display":"","site-post-title":"disabled","ast-breadcrumbs-content":"","ast-featured-img":"disabled","footer-sml-layout":"","ast-disable-related-posts":"","theme-transparent-header-meta":"default","adv-header-id-meta":"4967","stick-header-meta":"default","header-above-stick-meta":"","header-main-stick-meta":"","header-below-stick-meta":"","astra-migrate-meta-layouts":"set","ast-page-background-enabled":"default","ast-page-background-meta":{"desktop":{"background-color":"","background-image":"","background-repeat":"repeat","background-position":"center center","background-size":"auto","background-attachment":"scroll","background-type":"","background-media":"","overlay-type":"","overlay-color":"","overlay-opacity":"","overlay-gradient":""},"tablet":{"background-color":"","background-image":"","background-repeat":"repeat","background-position":"center center","background-size":"auto","background-attachment":"scroll","background-type":"","background-media":"","overlay-type":"","overlay-color":"","overlay-opacity":"","overlay-gradient":""},"mobile":{"background-color":"","background-image":"","background-repeat":"repeat","background-position":"center center","background-size":"auto","background-attachment":"scroll","background-type":"","background-media":"","overlay-type":"","overlay-color":"","overlay-opacity":"","overlay-gradient":""}},"ast-content-background-meta":{"desktop":{"background-color":"var(--ast-global-color-5)","background-image":"","background-repeat":"repeat","background-position":"center center","background-size":"auto","background-attachment":"scroll","background-type":"","background-media":"","overlay-type":"","overlay-color":"","overlay-opacity":"","overlay-gradient":""},"tablet":{"background-color":"var(--ast-global-color-5)","background-image":"","background-repeat":"repeat","background-position":"center center","background-size":"auto","background-attachment":"scroll","background-type":"","background-media":"","overlay-type":"","overlay-color":"","overlay-opacity":"","overlay-gradient":""},"mobile":{"background-color":"var(--ast-global-color-5)","background-image":"","background-repeat":"repeat","background-position":"center center","background-size":"auto","background-attachment":"scroll","background-type":"","background-media":"","overlay-type":"","overlay-color":"","overlay-opacity":"","overlay-gradient":""}},"footnotes":""},"uagb_featured_image_src":{"full":["https:\/\/marjolainebernard.com\/wp-content\/uploads\/2020\/10\/bowl-336538-scaled.jpg",1200,795,false],"thumbnail":["https:\/\/marjolainebernard.com\/wp-content\/uploads\/2020\/10\/bowl-336538-300x300.jpg",300,300,true],"medium":["https:\/\/marjolainebernard.com\/wp-content\/uploads\/2020\/10\/bowl-336538-500x331.jpg",500,331,true],"medium_large":["https:\/\/marjolainebernard.com\/wp-content\/uploads\/2020\/10\/bowl-336538-768x509.jpg",768,509,true],"large":["https:\/\/marjolainebernard.com\/wp-content\/uploads\/2020\/10\/bowl-336538-1024x678.jpg",1024,678,true],"thumblist":["https:\/\/marjolainebernard.com\/wp-content\/uploads\/2020\/10\/bowl-336538-300x300.jpg",300,300,true],"meccarouselthumb":["https:\/\/marjolainebernard.com\/wp-content\/uploads\/2020\/10\/bowl-336538-474x324.jpg",474,324,true],"gridsquare":["https:\/\/marjolainebernard.com\/wp-content\/uploads\/2020\/10\/bowl-336538-391x260.jpg",391,260,true],"tileview":["https:\/\/marjolainebernard.com\/wp-content\/uploads\/2020\/10\/bowl-336538-300x400.jpg",300,400,true],"1536x1536":["https:\/\/marjolainebernard.com\/wp-content\/uploads\/2020\/10\/bowl-336538-1536x1017.jpg",1536,1017,true],"2048x2048":["https:\/\/marjolainebernard.com\/wp-content\/uploads\/2020\/10\/bowl-336538-2048x1356.jpg",2048,1356,true],"qubely_landscape":["https:\/\/marjolainebernard.com\/wp-content\/uploads\/2020\/10\/bowl-336538-scaled.jpg",1132,750,false],"qubely_portrait":["https:\/\/marjolainebernard.com\/wp-content\/uploads\/2020\/10\/bowl-336538-scaled.jpg",483,320,false],"qubely_thumbnail":["https:\/\/marjolainebernard.com\/wp-content\/uploads\/2020\/10\/bowl-336538-scaled.jpg",140,93,false],"ultp_layout_landscape_large":["https:\/\/marjolainebernard.com\/wp-content\/uploads\/2020\/10\/bowl-336538-scaled.jpg",1200,795,false],"ultp_layout_landscape":["https:\/\/marjolainebernard.com\/wp-content\/uploads\/2020\/10\/bowl-336538-scaled.jpg",860,570,false],"ultp_layout_portrait":["https:\/\/marjolainebernard.com\/wp-content\/uploads\/2020\/10\/bowl-336538-scaled.jpg",600,398,false],"ultp_layout_square":["https:\/\/marjolainebernard.com\/wp-content\/uploads\/2020\/10\/bowl-336538-scaled.jpg",600,398,false],"wp_review_small":["https:\/\/marjolainebernard.com\/wp-content\/uploads\/2020\/10\/bowl-336538-65x65.jpg",65,65,true],"wp_review_large":["https:\/\/marjolainebernard.com\/wp-content\/uploads\/2020\/10\/bowl-336538-320x240.jpg",320,240,true]},"uagb_author_info":{"display_name":"Marjolaine","author_link":"https:\/\/marjolainebernard.com\/index.php\/author\/admin8776\/"},"uagb_comment_info":0,"uagb_excerpt":null,"_links":{"self":[{"href":"https:\/\/marjolainebernard.com\/index.php\/wp-json\/wp\/v2\/pages\/4483"}],"collection":[{"href":"https:\/\/marjolainebernard.com\/index.php\/wp-json\/wp\/v2\/pages"}],"about":[{"href":"https:\/\/marjolainebernard.com\/index.php\/wp-json\/wp\/v2\/types\/page"}],"author":[{"embeddable":true,"href":"https:\/\/marjolainebernard.com\/index.php\/wp-json\/wp\/v2\/users\/1"}],"replies":[{"embeddable":true,"href":"https:\/\/marjolainebernard.com\/index.php\/wp-json\/wp\/v2\/comments?post=4483"}],"version-history":[{"count":109,"href":"https:\/\/marjolainebernard.com\/index.php\/wp-json\/wp\/v2\/pages\/4483\/revisions"}],"predecessor-version":[{"id":10313,"href":"https:\/\/marjolainebernard.com\/index.php\/wp-json\/wp\/v2\/pages\/4483\/revisions\/10313"}],"wp:featuredmedia":[{"embeddable":true,"href":"https:\/\/marjolainebernard.com\/index.php\/wp-json\/wp\/v2\/media\/5213"}],"wp:attachment":[{"href":"https:\/\/marjolainebernard.com\/index.php\/wp-json\/wp\/v2\/media?parent=4483"}],"curies":[{"name":"wp","href":"https:\/\/api.w.org\/{rel}","templated":true}]}}